{"id":7108,"date":"2024-10-30T10:08:30","date_gmt":"2024-10-30T09:08:30","guid":{"rendered":"https:\/\/mcvr.shop\/mcvm\/?post_type=product&#038;p=7108"},"modified":"2024-12-11T15:34:58","modified_gmt":"2024-12-11T14:34:58","slug":"mystery-xmas-box","status":"publish","type":"product","link":"https:\/\/mcvr.shop\/mcvm\/store\/mystery-xmas-box\/","title":{"rendered":"Mystery Xmas Box"},"content":{"rendered":"<p>Preparati a vivere la gioia di un regalo esclusivo, pensato solo per te!<em> La Mystery Xmas Box<\/em> \u00e8 un\u2019esperienza da scartare, creata per stupire e celebrare il nostro team con un tocco di mistero e avventura. Scegli il tuo colore preferito, bianco o nero, e lasciati sorprendere da un regalo unico, selezionato per accompagnarti verso nuove mete.<\/p>\n<p>Non sveliamo il contenuto perch\u00e9 il viaggio pi\u00f9 bello \u00e8 quello della scoperta!<\/p>\n<p style=\"color: #03a4f5; background: linear-gradient(to bottom right, #03A4F5, #25eaa4); -webkit-background-clip: text; -webkit-text-fill-color: transparent;\"><strong><u>Disponibile solo per il team di MC ENGINEERING.<\/u><\/strong><\/p>\n","protected":false},"excerpt":{"rendered":"<p>Preparati a vivere la gioia di un regalo esclusivo, pensato solo per te! La Mystery Xmas Box \u00e8 un\u2019esperienza da scartare, creata per stupire e celebrare il nostro team con un tocco di mistero e avventura. Scegli il tuo colore preferito, bianco o nero, e lasciati sorprendere da un regalo unico, selezionato per accompagnarti verso [&hellip;]<\/p>\n","protected":false},"featured_media":7117,"comment_status":"open","ping_status":"closed","template":"","meta":{"_uag_custom_page_level_css":"","site-sidebar-layout":"default","site-content-layout":"default","ast-site-content-layout":"default","site-content-style":"default","site-sidebar-style":"default","ast-global-header-display":"","ast-banner-title-visibility":"","ast-main-header-display":"","ast-hfb-above-header-display":"","ast-hfb-below-header-display":"","ast-hfb-mobile-header-display":"","site-post-title":"","ast-breadcrumbs-content":"","ast-featured-img":"","footer-sml-layout":"","theme-transparent-header-meta":"default","adv-header-id-meta":"","stick-header-meta":"","header-above-stick-meta":"","header-main-stick-meta":"","header-below-stick-meta":"","astra-migrate-meta-layouts":"set","ast-page-background-enabled":"default","ast-page-background-meta":{"desktop":{"background-color":"","background-image":"","background-repeat":"repeat","background-position":"center center","background-size":"auto","background-attachment":"scroll","background-type":"","background-media":"","overlay-type":"","overlay-color":"","overlay-opacity":"","overlay-gradient":""},"tablet":{"background-color":"","background-image":"","background-repeat":"repeat","background-position":"center center","background-size":"auto","background-attachment":"scroll","background-type":"","background-media":"","overlay-type":"","overlay-color":"","overlay-opacity":"","overlay-gradient":""},"mobile":{"background-color":"","background-image":"","background-repeat":"repeat","background-position":"center center","background-size":"auto","background-attachment":"scroll","background-type":"","background-media":"","overlay-type":"","overlay-color":"","overlay-opacity":"","overlay-gradient":""}},"ast-content-background-meta":{"desktop":{"background-color":"var(--ast-global-color-5)","background-image":"","background-repeat":"repeat","background-position":"center center","background-size":"auto","background-attachment":"scroll","background-type":"","background-media":"","overlay-type":"","overlay-color":"","overlay-opacity":"","overlay-gradient":""},"tablet":{"background-color":"var(--ast-global-color-5)","background-image":"","background-repeat":"repeat","background-position":"center center","background-size":"auto","background-attachment":"scroll","background-type":"","background-media":"","overlay-type":"","overlay-color":"","overlay-opacity":"","overlay-gradient":""},"mobile":{"background-color":"var(--ast-global-color-5)","background-image":"","background-repeat":"repeat","background-position":"center center","background-size":"auto","background-attachment":"scroll","background-type":"","background-media":"","overlay-type":"","overlay-color":"","overlay-opacity":"","overlay-gradient":""}}},"product_cat":[166],"product_tag":[],"class_list":{"0":"post-7108","1":"product","2":"type-product","3":"status-publish","4":"has-post-thumbnail","6":"product_cat-gadget","7":"desktop-align-left","8":"tablet-align-left","9":"mobile-align-left","11":"first","12":"outofstock","13":"sold-individually","14":"taxable","15":"shipping-taxable","16":"purchasable","17":"product-type-variable"},"yoast_head":"<!-- This site is optimized with the Yoast SEO plugin v23.9 - https:\/\/yoast.com\/wordpress\/plugins\/seo\/ -->\n<title>Mystery Xmas Box - MCVM<\/title>\n<meta name=\"robots\" content=\"index, follow, max-snippet:-1, max-image-preview:large, max-video-preview:-1\" \/>\n<link rel=\"canonical\" href=\"https:\/\/mcvr.shop\/mcvm\/store\/mystery-xmas-box\/\" \/>\n<meta property=\"og:locale\" content=\"it_IT\" \/>\n<meta property=\"og:type\" content=\"article\" \/>\n<meta property=\"og:title\" content=\"Mystery Xmas Box - MCVM\" \/>\n<meta property=\"og:description\" content=\"Preparati a vivere la gioia di un regalo esclusivo, pensato solo per te! La Mystery Xmas Box \u00e8 un\u2019esperienza da scartare, creata per stupire e celebrare il nostro team con un tocco di mistero e avventura. Scegli il tuo colore preferito, bianco o nero, e lasciati sorprendere da un regalo unico, selezionato per accompagnarti verso [&hellip;]\" \/>\n<meta property=\"og:url\" content=\"https:\/\/mcvr.shop\/mcvm\/store\/mystery-xmas-box\/\" \/>\n<meta property=\"og:site_name\" content=\"MCVM\" \/>\n<meta property=\"article:modified_time\" content=\"2024-12-11T14:34:58+00:00\" \/>\n<meta property=\"og:image\" content=\"https:\/\/mcvr.shop\/mcvm\/wp-content\/uploads\/2024\/10\/001.jpg\" \/>\n\t<meta property=\"og:image:width\" content=\"2048\" \/>\n\t<meta property=\"og:image:height\" content=\"2048\" \/>\n\t<meta property=\"og:image:type\" content=\"image\/jpeg\" \/>\n<meta name=\"twitter:card\" content=\"summary_large_image\" \/>\n<meta name=\"twitter:label1\" content=\"Tempo di lettura stimato\" \/>\n\t<meta name=\"twitter:data1\" content=\"1 minuto\" \/>\n<script type=\"application\/ld+json\" class=\"yoast-schema-graph\">{\"@context\":\"https:\/\/schema.org\",\"@graph\":[{\"@type\":\"WebPage\",\"@id\":\"https:\/\/mcvr.shop\/mcvm\/store\/mystery-xmas-box\/\",\"url\":\"https:\/\/mcvr.shop\/mcvm\/store\/mystery-xmas-box\/\",\"name\":\"Mystery Xmas Box - MCVM\",\"isPartOf\":{\"@id\":\"https:\/\/mcvr.shop\/mcvm\/#website\"},\"primaryImageOfPage\":{\"@id\":\"https:\/\/mcvr.shop\/mcvm\/store\/mystery-xmas-box\/#primaryimage\"},\"image\":{\"@id\":\"https:\/\/mcvr.shop\/mcvm\/store\/mystery-xmas-box\/#primaryimage\"},\"thumbnailUrl\":\"https:\/\/mcvr.shop\/mcvm\/wp-content\/uploads\/2024\/10\/001.jpg\",\"datePublished\":\"2024-10-30T09:08:30+00:00\",\"dateModified\":\"2024-12-11T14:34:58+00:00\",\"breadcrumb\":{\"@id\":\"https:\/\/mcvr.shop\/mcvm\/store\/mystery-xmas-box\/#breadcrumb\"},\"inLanguage\":\"it-IT\",\"potentialAction\":[{\"@type\":\"ReadAction\",\"target\":[\"https:\/\/mcvr.shop\/mcvm\/store\/mystery-xmas-box\/\"]}]},{\"@type\":\"ImageObject\",\"inLanguage\":\"it-IT\",\"@id\":\"https:\/\/mcvr.shop\/mcvm\/store\/mystery-xmas-box\/#primaryimage\",\"url\":\"https:\/\/mcvr.shop\/mcvm\/wp-content\/uploads\/2024\/10\/001.jpg\",\"contentUrl\":\"https:\/\/mcvr.shop\/mcvm\/wp-content\/uploads\/2024\/10\/001.jpg\",\"width\":2048,\"height\":2048},{\"@type\":\"BreadcrumbList\",\"@id\":\"https:\/\/mcvr.shop\/mcvm\/store\/mystery-xmas-box\/#breadcrumb\",\"itemListElement\":[{\"@type\":\"ListItem\",\"position\":1,\"name\":\"Home\",\"item\":\"https:\/\/mcvr.shop\/mcvm\/\"},{\"@type\":\"ListItem\",\"position\":2,\"name\":\"Store\",\"item\":\"https:\/\/mcvr.shop\/mcvm\/store\/\"},{\"@type\":\"ListItem\",\"position\":3,\"name\":\"Mystery Xmas Box\"}]},{\"@type\":\"WebSite\",\"@id\":\"https:\/\/mcvr.shop\/mcvm\/#website\",\"url\":\"https:\/\/mcvr.shop\/mcvm\/\",\"name\":\"MCVM\",\"description\":\"\",\"publisher\":{\"@id\":\"https:\/\/mcvr.shop\/mcvm\/#organization\"},\"potentialAction\":[{\"@type\":\"SearchAction\",\"target\":{\"@type\":\"EntryPoint\",\"urlTemplate\":\"https:\/\/mcvr.shop\/mcvm\/?s={search_term_string}\"},\"query-input\":{\"@type\":\"PropertyValueSpecification\",\"valueRequired\":true,\"valueName\":\"search_term_string\"}}],\"inLanguage\":\"it-IT\"},{\"@type\":\"Organization\",\"@id\":\"https:\/\/mcvr.shop\/mcvm\/#organization\",\"name\":\"MCVM\",\"url\":\"https:\/\/mcvr.shop\/mcvm\/\",\"logo\":{\"@type\":\"ImageObject\",\"inLanguage\":\"it-IT\",\"@id\":\"https:\/\/mcvr.shop\/mcvm\/#\/schema\/logo\/image\/\",\"url\":\"https:\/\/mcvr.shop\/mcvm\/wp-content\/uploads\/2023\/07\/LOGO01.png\",\"contentUrl\":\"https:\/\/mcvr.shop\/mcvm\/wp-content\/uploads\/2023\/07\/LOGO01.png\",\"width\":1180,\"height\":244,\"caption\":\"MCVM\"},\"image\":{\"@id\":\"https:\/\/mcvr.shop\/mcvm\/#\/schema\/logo\/image\/\"}}]}<\/script>\n<!-- \/ Yoast SEO plugin. -->","yoast_head_json":{"title":"Mystery Xmas Box - MCVM","robots":{"index":"index","follow":"follow","max-snippet":"max-snippet:-1","max-image-preview":"max-image-preview:large","max-video-preview":"max-video-preview:-1"},"canonical":"https:\/\/mcvr.shop\/mcvm\/store\/mystery-xmas-box\/","og_locale":"it_IT","og_type":"article","og_title":"Mystery Xmas Box - MCVM","og_description":"Preparati a vivere la gioia di un regalo esclusivo, pensato solo per te! La Mystery Xmas Box \u00e8 un\u2019esperienza da scartare, creata per stupire e celebrare il nostro team con un tocco di mistero e avventura. Scegli il tuo colore preferito, bianco o nero, e lasciati sorprendere da un regalo unico, selezionato per accompagnarti verso [&hellip;]","og_url":"https:\/\/mcvr.shop\/mcvm\/store\/mystery-xmas-box\/","og_site_name":"MCVM","article_modified_time":"2024-12-11T14:34:58+00:00","og_image":[{"width":2048,"height":2048,"url":"https:\/\/mcvr.shop\/mcvm\/wp-content\/uploads\/2024\/10\/001.jpg","type":"image\/jpeg"}],"twitter_card":"summary_large_image","twitter_misc":{"Tempo di lettura stimato":"1 minuto"},"schema":{"@context":"https:\/\/schema.org","@graph":[{"@type":"WebPage","@id":"https:\/\/mcvr.shop\/mcvm\/store\/mystery-xmas-box\/","url":"https:\/\/mcvr.shop\/mcvm\/store\/mystery-xmas-box\/","name":"Mystery Xmas Box - MCVM","isPartOf":{"@id":"https:\/\/mcvr.shop\/mcvm\/#website"},"primaryImageOfPage":{"@id":"https:\/\/mcvr.shop\/mcvm\/store\/mystery-xmas-box\/#primaryimage"},"image":{"@id":"https:\/\/mcvr.shop\/mcvm\/store\/mystery-xmas-box\/#primaryimage"},"thumbnailUrl":"https:\/\/mcvr.shop\/mcvm\/wp-content\/uploads\/2024\/10\/001.jpg","datePublished":"2024-10-30T09:08:30+00:00","dateModified":"2024-12-11T14:34:58+00:00","breadcrumb":{"@id":"https:\/\/mcvr.shop\/mcvm\/store\/mystery-xmas-box\/#breadcrumb"},"inLanguage":"it-IT","potentialAction":[{"@type":"ReadAction","target":["https:\/\/mcvr.shop\/mcvm\/store\/mystery-xmas-box\/"]}]},{"@type":"ImageObject","inLanguage":"it-IT","@id":"https:\/\/mcvr.shop\/mcvm\/store\/mystery-xmas-box\/#primaryimage","url":"https:\/\/mcvr.shop\/mcvm\/wp-content\/uploads\/2024\/10\/001.jpg","contentUrl":"https:\/\/mcvr.shop\/mcvm\/wp-content\/uploads\/2024\/10\/001.jpg","width":2048,"height":2048},{"@type":"BreadcrumbList","@id":"https:\/\/mcvr.shop\/mcvm\/store\/mystery-xmas-box\/#breadcrumb","itemListElement":[{"@type":"ListItem","position":1,"name":"Home","item":"https:\/\/mcvr.shop\/mcvm\/"},{"@type":"ListItem","position":2,"name":"Store","item":"https:\/\/mcvr.shop\/mcvm\/store\/"},{"@type":"ListItem","position":3,"name":"Mystery Xmas Box"}]},{"@type":"WebSite","@id":"https:\/\/mcvr.shop\/mcvm\/#website","url":"https:\/\/mcvr.shop\/mcvm\/","name":"MCVM","description":"","publisher":{"@id":"https:\/\/mcvr.shop\/mcvm\/#organization"},"potentialAction":[{"@type":"SearchAction","target":{"@type":"EntryPoint","urlTemplate":"https:\/\/mcvr.shop\/mcvm\/?s={search_term_string}"},"query-input":{"@type":"PropertyValueSpecification","valueRequired":true,"valueName":"search_term_string"}}],"inLanguage":"it-IT"},{"@type":"Organization","@id":"https:\/\/mcvr.shop\/mcvm\/#organization","name":"MCVM","url":"https:\/\/mcvr.shop\/mcvm\/","logo":{"@type":"ImageObject","inLanguage":"it-IT","@id":"https:\/\/mcvr.shop\/mcvm\/#\/schema\/logo\/image\/","url":"https:\/\/mcvr.shop\/mcvm\/wp-content\/uploads\/2023\/07\/LOGO01.png","contentUrl":"https:\/\/mcvr.shop\/mcvm\/wp-content\/uploads\/2023\/07\/LOGO01.png","width":1180,"height":244,"caption":"MCVM"},"image":{"@id":"https:\/\/mcvr.shop\/mcvm\/#\/schema\/logo\/image\/"}}]}},"uagb_featured_image_src":{"full":["https:\/\/mcvr.shop\/mcvm\/wp-content\/uploads\/2024\/10\/001.jpg",2048,2048,false],"thumbnail":["https:\/\/mcvr.shop\/mcvm\/wp-content\/uploads\/2024\/10\/001-150x150.jpg",150,150,true],"medium":["https:\/\/mcvr.shop\/mcvm\/wp-content\/uploads\/2024\/10\/001-300x300.jpg",300,300,true],"medium_large":["https:\/\/mcvr.shop\/mcvm\/wp-content\/uploads\/2024\/10\/001-768x768.jpg",768,768,true],"large":["https:\/\/mcvr.shop\/mcvm\/wp-content\/uploads\/2024\/10\/001-1024x1024.jpg",1024,1024,true],"1536x1536":["https:\/\/mcvr.shop\/mcvm\/wp-content\/uploads\/2024\/10\/001-1536x1536.jpg",1536,1536,true],"2048x2048":["https:\/\/mcvr.shop\/mcvm\/wp-content\/uploads\/2024\/10\/001.jpg",2048,2048,false],"woocommerce_thumbnail":["https:\/\/mcvr.shop\/mcvm\/wp-content\/uploads\/2024\/10\/001-300x300.jpg",300,300,true],"woocommerce_single":["https:\/\/mcvr.shop\/mcvm\/wp-content\/uploads\/2024\/10\/001-600x600.jpg",600,600,true],"woocommerce_gallery_thumbnail":["https:\/\/mcvr.shop\/mcvm\/wp-content\/uploads\/2024\/10\/001-100x100.jpg",100,100,true]},"uagb_author_info":{"display_name":"Davide Manganaro","author_link":"https:\/\/mcvr.shop\/mcvm\/author\/"},"uagb_comment_info":0,"uagb_excerpt":"Preparati a vivere la gioia di un regalo esclusivo, pensato solo per te! La Mystery Xmas Box \u00e8 un\u2019esperienza da scartare, creata per stupire e celebrare il nostro team con un tocco di mistero e avventura. Scegli il tuo colore preferito, bianco o nero, e lasciati sorprendere da un regalo unico, selezionato per accompagnarti verso&hellip;","_links":{"self":[{"href":"https:\/\/mcvr.shop\/mcvm\/wp-json\/wp\/v2\/product\/7108","targetHints":{"allow":["GET"]}}],"collection":[{"href":"https:\/\/mcvr.shop\/mcvm\/wp-json\/wp\/v2\/product"}],"about":[{"href":"https:\/\/mcvr.shop\/mcvm\/wp-json\/wp\/v2\/types\/product"}],"replies":[{"embeddable":true,"href":"https:\/\/mcvr.shop\/mcvm\/wp-json\/wp\/v2\/comments?post=7108"}],"version-history":[{"count":7,"href":"https:\/\/mcvr.shop\/mcvm\/wp-json\/wp\/v2\/product\/7108\/revisions"}],"predecessor-version":[{"id":7122,"href":"https:\/\/mcvr.shop\/mcvm\/wp-json\/wp\/v2\/product\/7108\/revisions\/7122"}],"wp:featuredmedia":[{"embeddable":true,"href":"https:\/\/mcvr.shop\/mcvm\/wp-json\/wp\/v2\/media\/7117"}],"wp:attachment":[{"href":"https:\/\/mcvr.shop\/mcvm\/wp-json\/wp\/v2\/media?parent=7108"}],"wp:term":[{"taxonomy":"product_cat","embeddable":true,"href":"https:\/\/mcvr.shop\/mcvm\/wp-json\/wp\/v2\/product_cat?post=7108"},{"taxonomy":"product_tag","embeddable":true,"href":"https:\/\/mcvr.shop\/mcvm\/wp-json\/wp\/v2\/product_tag?post=7108"}],"curies":[{"name":"wp","href":"https:\/\/api.w.org\/{rel}","templated":true}]}}